 third derivative of 0*f**3 + 0*f - f**2 + 0*f**4 + 0 - j*f**6 + 0*f**5. Calculate s(2).
-8
Let y(r) be the second derivative of -r**4/12 + r**3/2 - r**2 - r. Let d be y(2). Let z(s) = -s - 5. Determine z(d).
-5
Let c(k) = -23*k - 23. Let b(p) be the first derivative of 4*p**2 + 8*p + 1. Suppose -n + 3 - 9 = 0. Let g(v) = n*c(v) - 17*b(v). Determine g(-4).
-6
Let y(i) = -4 + 9 - 6*i - 1 + i**2 + 1. Determine y(5).
0
Let i(q) be the first derivative of -3*q - 1/3*q**3 + q**2 - 4. Let d = 0 - -3. What is i(d)?
-6
Let f = 7 + 1. Let a(v) = 2*v - 10. Calculate a(f).
6
Let j(o) = 2*o**2 - 7*o + 6. Let m(h) = -h**2 + 6*h - 5. Let t(q) = 2*j(q) + 3*m(q). Let n be (-144)/10 - (-4)/10. Let b be (-2)/6 - n/(-3). What is t(b)?
2
Let n = -25 + 30. Let t(a) = -a + 2. Determine t(n).
-3
Let f(y) be the third derivative of 3*y**6/40 - y**5/60 - y**4/24 + y**3/6 - 32*y**2. Determine f(1).
8
Let p = -5 - -8. Suppose 5*k + 2*m + 14 = 0, -4 = -k - 0*m + p*m. Let x(r) be the first derivative of r**4/2 + r**3 - r + 37. Calculate x(k).
-5
Suppose 5*y - y = 0. Let z(v) = 2*v - 2*v**2 + 0 - 1 + 5*v**3 + y. Let n = 31 - 30. What is z(n)?
4
Let r = -5 - 1. Let c(o) = o**2 + 8*o. Determine c(r).
-12
Let q(w) = -2*w**2 - 3*w - 2*w + 2 + 0*w. Let m(a) = a**2 + a. Let u(b) = 10*m(b) + 2*q(b). Let h(n) = -4*n**2 - 3. Let o(r) = -7*h(r) - 5*u(r). What is o(-1)?
-1
Let h(o) = -403 + 3*o + 403 - 4*o. Give h(4).
-4
Let f be 5*7/(35/4). Let r(x) be the second derivative of 0*x**2 - 3*x - 1/12*x**f + 0 - 1/2*x**3. Calculate r(-2).
2
Let n = -2 - -3. Let v = n + 2. Let t(y) = 3 + 0*y**2 - 3*y**3 - 2*y**2 - 2 - v*y**3. Determine t(-1).
5
Let u be -4 + 5 - -2*5. Suppose -3*w + u = 26. Let c(v) = v**2 + 8*v + 5. Give c(w).
-10
Let r(u) = -u**3 + 6*u**2 - 4. Let s be r(6). Let j be -2*(-3 - -4) + s. Let t(z) = z**3 + 7*z**2 + 6*z - 8. Determine t(j).
-8
Let q be ((-15)/(-9))/(2/(-6)). Let g(j) be the third derivative of 0*j + 1/12*j**4 + 0 + 1/2*j**3 + 2*j**2. What is g(q)?
-7
Let v(r) = r**2 - 3*r + 4. Suppose 4*n - 3*n = 0. Suppose 4*c + n*c = 16. Let w(t) = -t**2 + 5*t. Let d be w(c). Calculate v(d).
8
Let n(z) = -z**3 - 7*z**2 - 2*z - 7. Let i(a) = -a**3 + 6*a**2 - 2*a + 5. Let u be i(6). What is n(u)?
7
Suppose -3*y + 1 + 5 = 0. Let d = -4 + y. Let f(x) = -2*x - 3. Give f(d).
1
Suppose a - 2*a = 0. Suppose a + 12 = -2*s. Let x be -4*(0 + (-3)/s). Let i(b) = b**3 + b**2 - 3*b - 2. Calculate i(x).
0
Let o(f) = -2*f + 1. Let h be o(-2). Let x(n) = -n**2 + 5*n + 5. Let v be x(h). Let l be (-1)/(v + -3)*-2. Let p(m) = -10*m**2 + m. What is p(l)?
-9
Let i(h) = 7*h - 3. Let r(b) = b - 1. Let a(k) = i(k) - 6*r(k). Let o(d) = -d. Let t(j) = -a(j) - 2*o(j). Suppose 0 = -4*l + 4*l + l. Give t(l).
-3
Suppose -8 - 13 = 3*m. Let f(j) = j**2 + 8*j + 6. Determine f(m).
-1
Let x be (-4 - -2) + (-1 - 1). Let u(s) = -2*s**2 + 4*s. Let w = 13 - 16. Let r(q) = q**2 - q - 1. Let g(t) = w*r(t) - u(t). Give g(x).
-9
Let n(r) be the third derivative of r**6/120 - 3*r**5/20 - r**4/24 + r**3/6 + 27*r**2. Determine n(9).
-8
Let o = 10 - 7. Suppose 3*u = u + 6. Let d(c) = 4*c + 2*c**2 + 4*c**2 - 7*c**2 - c + u. Calculate d(o).
3
Let t(m) = 6*m + 29. Let u be t(-4). Let y(x) = -x**3 + x**2 - 1. Let j(o) = 5*o**3 - 2*o**2 + 8*o - 1. Let c(v) = j(v) + 6*y(v). Calculate c(u).
8
Let o be -4 + 3 + (-9 - -5). Let y(q) be the second derivative of q**4/12 + 5*q**3/6 - q**2 - q. What is y(o)?
-2
Let j(b) = -b**3 - 5*b**2 + 8*b + 6. Let t(m) = -m**2 - 12*m - 8. Let l be t(-8). Suppose -5*p + p - l = 0. What is j(p)?
-6
Let a be 2 + (0/4)/3. Let z(j) be the first derivative of 1/2*j**a + 3 + 2/3*j**3 + j. Determine z(-1).
2
Suppose -2*p = p + 5*g - 19, -3*g + 19 = -2*p. Let k be 6/(-4)*30/(-9). Let s(u) = 2*u - 4*u**2 + 0*u + k*u**2. Calculate s(p).
0
Let t(p) = p + 5. Let m(q) = q**3 + 7*q**2 - q - 7. Let z be m(-7). Let r be (-1 - z) + 2 + -1. Calculate t(r).
5
Let f(i) = -i + 1. Let v = -29 - -22. Give f(v).
8
Let k be 3 - (2 + -1) - -12. Let y be (1 + 1)/(k/(-21)). Let z = -3 + y. Let m(d) = d**2 + 5*d - 7. Determine m(z).
-1
Let b(l) = l**2 + 6*l + 3. Suppose 5*d = -2*f - 35, -f - 30 = -0*d + 5*d. Let n be b(d). Let o(j) = j**2 - 2. Calculate o(n).
2
Let v(n) = -11*n**2 - n + 15. Let t(r) = -5*r**2 + 7. Let f(c) = 13*t(c) - 6*v(c). Give f(-4).
-7
Let y(d) = 6*d**2 + 3*d - 6. Let v(i) = -7*i**2 - 4*i + 7. Let c(g) = 5*v(g) + 6*y(g). Calculate c(3).
2
Let i be (-6)/(0 - (-3)/2). Suppose 0 = 2*g - 4*m + 12, 5*m - 12 - 3 = -g. Let z = i - g. Let q(k) = -k - 4. Give q(z).
0
Let f(q) = 2*q - 5. Let c(r) = 1 + 2*r - 2*r**3 - r**2 + 10*r**3 - 2 - 2*r**3. Let m be c(1). Calculate f(m).
7
Let b(a) = a**3 + 4*a**2 - 10*a - 9. Suppose 3*i = -5*m - 18, -2*i - 1 - 11 = 5*m. Determine b(i).
-21
Let k = -4 + 9. Suppose 3 = 4*r - k. Let v(a) = 3*a - 2 - 2*a - 3*a. Give v(r).
-6
Let a(h) = h**2 - 7*h - 2. Let d be a(8). Suppose d*k - 5 = k. Let v(j) = 6*j**3 + j**2 - j. Calculate v(k).
6
Suppose -2*o = -0*o + 2. Let g(j) = 5*j**3 + j + 1. Give g(o).
-5
Let s(z) be the third derivative of -z**4/8 + z**3/6 + 2*z**2. Let n be s(2). Let f(u) = u. Let r(d) = -7*d - 7. Let j(q) = -6*f(q) - r(q). Calculate j(n).
2
Let y(b) = 4 + 2*b**2 - 6*b**2 + 3*b**2 - 3 + b. What is y(-2)?
-5
Let h(s) = 2*s + 6. Let w(i) = -i - 3. Let o(l) = 3*h(l) + 5*w(l). Calculate o(-5).
-2
Let w(o) = 16*o**2 - 1 - 4*o**2 + o - 10*o**2. Determine w(3).
20
Let j(w) = w**3 - 5*w**2 + 5*w - 2. Let a be j(3). Let p(c) = 1. Let n(h) = 3*h + 8. Let x(r) = -n(r) + 5*p(r). What is x(a)?
12
Let y(x) = x**3 + 6*x**2 + x + 8. Let d be y(-6). Let p(z) be the first derivative of -2*z - 4 - 1/4*z**4 + z**3 + 2*z**d. Determine p(3).
10
Let o(r) be the third derivative of -r**5/60 + 3*r**4/8 + 2*r**2. Let q be o(4). Suppose 0*u + 4*u = -q. Let n(g) = g + 4. Calculate n(u).
-1
Let a(q) = -q**2 - q - 1. Let x(y) = -10*y**3 + y**2 + y + 3. Let v(p) = 2*a(p) + x(p). Let c be (-29)/2 + 3/6. Let z be 1/3 + c/(-21). Give v(z).
-11
Let i(k) be the third derivative of k**6/120 + k**5/30 - k**4/6 + k**3/6 - 7*k**2. What is i(-3)?
4
Let y(x) = 7*x**3 - 5*x**2 - 1. Let d(o) = -10*o**3 + 7*o**2 + 1. Let a(l) = -5*d(l) - 7*y(l). Determine a(-2).
-6
Let y(l) be the second derivative of -l**5/20 - 5*l**4/12 - 2*l**2 - 5*l. Determine y(-5).
-4
Let r = 101 + -107. Let z(d) = -d**2 - 7*d - 8. Determine z(r).
-2
Let c(d) = d**2 + d - 2. Suppose 4 = 2*t - 16. Let p = t + 14. Let q be (-8)/(-6)*p/(-16). Determine c(q).
0
Let r(o) = -o**2 + o. Let z(i) = -i**2 + i. Let n(d) = 3*r(d) - 2*z(d). Let f be (-5)/(-4) - (45/20 + -3). Give n(f).
-2
Let f(m) = m**3 + 5*m**2 - 1. Let l = -11 - -6. Determine f(l).
-1
Let h(x) = -x + 6. Let t(u) = u**2 - 6*u - 1. Let r be t(7). Determine h(r).
0
Suppose 0*m - 8 = 4*m, 3*m = 5*r + 4. Let t(y) = -y**3 - 2*y**2 - 2*y - 3. Give t(r).
1
Let r(b) = -7*b**2 - 4*b - 6. Let g(c) = -6*c**2 - 3*c - 5. Let m(f) = 6*g(f) - 5*r(f). Calculate m(2).
0
Let v(z) = z**2 + 11*z - 9. Let l be v(-12). Let m(r) be the first derivative of 1/3*r**3 + 0*r**2 + l*r + 1. Give m(0).
3
Let d = -42 + 40. Let k(a) = 5*a + 1. Give k(d).
-9
Let z be (3/(-1) + 2)*0. Suppose z*g = -4*g - 4. Let v(a) = 0 - 7*a + 9*a + 1 - 2. Calculate v(g).
-3
Let o(n) = n - 3*n + n**2 - 5*n - 6 - 2*n**2. Determine o(-6).
0
Let o(b) be the third derivative of b**5/60 + b**4/24 - b**3/2 + b**2. Suppose 2*c + 4 = -2. Give o(c).
3
Let d(g) = g**3 - 4*g**2 + 2*g - 7. Let t be d(4). Let x(i) = -1. Let v(a) = 3*a**2 + 3. Let z(c) = -v(c) - 3*x(c). What is z(t)?
-3
Let k(g) = 5*g**3 + 25*g**2 - 16*g - 5. Let c(x) = 3*x**3 + 13*x**2 - 8*x - 2. Let v(w) = 7*c(w) - 4*k(w). Suppose 3*l - 30 + 6 = 0. What is v(l)?
6
Suppose -7*o - 19 - 23 = 0. Let l(g) = g**2 + 8*g + 3. Give l(o).
-9
Let c(r) be the second derivative of 0*r**3 + r - 1/6*r**4 + 1/15*r**5 - 1/720*r**6 + 0 + 0*r**2. Let u(y) be the third derivative of c(y). Calculate u(0).
8
Suppose 0 = -5*b + 9 + 11. Suppose -4*l + 28 = b*j, 5*l + 6 = -j + 33. Let s(o) = 2*o - 7. Determine s(l).
3
Let o(b) be the second derivative of b**4/12 + b**3/6 - b**2 - b. Suppose 0 = 3*p - 0*p - r - 8, -p - 3*r = -6. Let t be p/((-1)/(-2)*-3). Determine o(t).
0
Let i(o) = -o**2 - 7*o + 1. Let m(s) = -s**2 - 8*s. Let y(n) = 7*i(n) - 6*m(n). Give y(0).
7
Let f(x) = x**3 + 17*x**2 - 19*x -